**2 - 5*g - 9. Let m be 6/27 - (-56)/(-9). Is a(m) prime?
False
Suppose 5*l - 26 = -5*z + l, 5*l = 2*z - 17. Is z a prime number?
False
Let j be 24/(-10) + (-2)/(-5). Is -4 - -4 - 74/j composite?
False
Let i = 1 + 1. Let a(t) = -3*t**3 + 4*t**2 + 6*t + 3. Let l(c) = -c**3 + 2*c**2 + 3*c + 1. Let o(j) = -4*a(j) + 9*l(j). Is o(i) composite?
True
Is 4/8*2 + 90 a prime number?
False
Let l = 437 - 286. Let v = l + -405. Let t = v + 373. Is t a prime number?
False
Let z(b) = -b**3 - 18*b**2 + 13*b - 13. Is z(-22) a composite number?
False
Let l(n) = n. Let a(o) = -2*o + 9. Let d be a(7). Let k(j) = -33*j + 1. Let v(r) = d*l(r) + k(r). Is v(-5) composite?
False
Let q(i) = -i**3 + 5*i**2 - i + 1. Let y be q(5). Is (-866)/y + 1/2 composite?
True
Suppose 2*z + 12 = -z - 5*t, -z = 5*t - 6. Let l = 18 + z. Is (l/(-6))/(1/(-14)) a prime number?
False
Is 2/(-5) + (-3517)/(-5) a composite number?
True
Let k(x) = x**2 - 4*x + 3. Let l(z) = -z - 1. Let r be l(-3). Suppose 3*h = -r*h + 40. Is k(h) prime?
False
Let m = -321 - -658. Is m composite?
False
Suppose -4*q + 10014 = -1966. Is q a prime number?
False
Let k(h) = 21*h**2 + 4*h - 11. Is k(6) prime?
True
Let j(s) = -23*s - 8. Let q be j(4). Let v = q - -179. Is v prime?
True
Is (-42)/70*(0 - 145) prime?
False
Is 4/(-14) - 10396/(-28) prime?
False
Let r be ((-9)/(-1))/(6/4). Let m be 1/((-3)/r) - -4. Let t(w) = 3*w - 3. Is t(m) a prime number?
True
Let d = 206 - 335. Is d/(-4) + (-6)/(-8) a composite number?
True
Suppose j - 6054 = -5*j. Is j a prime number?
True
Suppose 0*r - 2*k + 7305 = 3*r, -r + 2435 = 4*k. Is r a composite number?
True
Let s = 678 - 374. Let w = -185 + s. Is w prime?
False
Suppose 4*c - 1157 = 3*z, z + 581 = -0*c + 2*c. Is c composite?
False
Suppose 0 = -6*z + 7*z - 233. Is z composite?
False
Is ((-2)/4)/(2/(-460)) a composite number?
True
Let d(u) = -37*u - 11. Let t be 7*((-24)/7)/4. Is d(t) a composite number?
False
Let i = 3 + -1. Suppose -5*t + 132 = -i*t. Let d = t - 29. Is d a prime number?
False
Let y(r) = 410*r - 7. Is y(15) prime?
True
Let w(a) = 3*a**3 - 2*a**2 + a. Let m be w(1). Let r = -11 + 111. Suppose -m*q + r = 2. Is q prime?
False
Let s = -3 + 6. Let t be (-1)/s + (-274)/(-3). Let f = t + -14. Is f a composite number?
True
Let p be -1 - -3 - 0/(-1). Let n be 95/p + 3/(-6). Let m = n - -6. Is m a composite number?
False
Is (3 - (-137)/(-2))*-2 prime?
True
Let j be ((-29)/4)/((-7)/252). Suppose -3*k + 12 = -j. Is k a composite number?
True
Let f = 85 - -42. Is f a prime number?
True
Let h(r) = -r**3 + 6*r**2 - 7*r - 2. Let a be h(4). Is 40 + (a - (-2)/2) prime?
True
Suppose -2*q + 0 = 14. Let w(v) = 5*v**2 + 5*v + 13. Is w(q) a composite number?
False
Let g be (4/6)/((-1)/(-3)). Suppose g*d - 3*h - 2*h - 42 = 0, -3*h = 2*d - 74. Is d composite?
False
Is (640 - -1)*(11 - 10) composite?
False
Let p(f) = f + 3. Let v be p(0). Suppose -v*w + 9 = -0*w. Suppose 339 = -0*n + w*n. Is n prime?
True
Suppose -p + 736 = -4*w, 3*w - p + 180 = -371. Let x = -118 - w. Is x a composite number?
False
Let n = -435 - -787. Suppose -5*q - 5*t = 97 - n, -4 = -4*t. Suppose x - y = -5*y + q, 4*x + y - 155 = 0. Is x a composite number?
True
Suppose 3*h + 1 = 4*h. Is (-9)/(3/h) - -29 a prime number?
False
Let o(t) = 12*t**2 - 8*t**2 + 4*t - 5 + 2*t**2 + 0*t**2 + t**3. Let s be -3*(-4)/(-3)*1. Is o(s) composite?
False
Let z(g) = -g**3 + g**2 - g + 6. Let d be z(0). Let f be (-4)/6*d/4. Is f*(0 - -79)/(-1) a prime number?
True
Let f be -9*3/3 + 3. Let r be (-3 - f)*(-7 - 0). Let m = r - -52. Is m composite?
False
Is (((-11)/3)/(-11))/((-1)/(-561)) composite?
True
Let w = -25 - -35. Suppose -2*u + 2 = -2*d, -3*d + 11 = 5*u - w. Suppose t + 368 = u*f, -f - 2*t + 25 = -86. Is f a composite number?
True
Suppose 0 = -4*b + 12, 0*b + 1143 = 2*t + 3*b. Let z = t + -308. Suppose -3*d = -z - 14. Is d prime?
False
Let g = -1 + -1. Let s = 3 - g. Suppose 2*j + 0*j = -k + 20, s*k + j = 73. Is k a prime number?
False
Suppose 0 = 3*m - 2*m + 2*p - 8, -2*m + 3*p = -30. Suppose -12 = 3*f, -h - f + m = 3*h. Suppose 2*c - 3*a = 34, 3*a - 38 = -h*c - 6. Is c a composite number?
False
Let x(i) = 8*i**2 - 2*i + 61. Is x(-17) composite?
True
Let r(p) = p**2 - 10*p + 12. Let y be r(8). Suppose 0 = -4*g - j - 163, 13 - 124 = 3*g + 3*j. Is ((-2)/(-3))/(y/g) a prime number?
True
Suppose -3*j = 13 + 5. Let o(r) = -35*r - 7. Is o(j) composite?
True
Suppose 0 = 13*a - 8*a - 14995. Is a prime?
True
Suppose 0 = 3*u - 1248 - 534. Let y = u + -389. Is y a composite number?
True
Suppose -3*i - 2*v = 11, -4*i - 3*v + 1 = 16. Let t = -35 + -45. Is (-2)/(-1) + i - t a composite number?
False
Let b(f) = -f**3 - 6*f**2 + 6*f - 3. Let w be b(-7). Suppose -a + 17 = -5*i, -w*a = -0*a - 3*i - 136. Is a composite?
False
Is (-2)/(-6) - 2760/(-9) a composite number?
False
Let n(r) = 2*r**2 - 1 + 7*r**2 - 3 + 3 + r. Is n(3) composite?
False
Suppose 0*t - 2*t + 4 = 0. Suppose -26 = -2*k - s, -3*s = t*k + s - 20. Suppose -5*z + 4*c + 119 = 0, -k = 4*z - 2*c - 108. Is z a prime number?
True
Let v be (-24)/6*(-6)/8. Let h be 0 + 2 + -2 + v. Suppose h*y = -y + 36. Is y composite?
True
Let v(y) = 7*y**3 - 3*y**2 + 4*y + 3. Is v(4) composite?
False
Suppose 8*i = 4*i + 816. Let c = i - 115. Is c a prime number?
True
Suppose -26*o = -24*o - 2798. Is o a prime number?
True
Let z(y) = y**2 + 15*y - 25. Is z(-22) a composite number?
True
Suppose 3*i - 4*k - 112 = 0, 5*i + 3*k - 4*k - 198 = 0. Suppose i = -3*h + 331. Is h prime?
True
Let r(t) = -15*t - 9. Let l be r(-6). Suppose -j - 2*j - 4*c = l, -146 = 5*j + 3*c. Let d = j - -56. Is d a composite number?
True
Suppose -109 = 8*i - 9*i. Is i prime?
True
Let o = 19 + 6. Is o a composite number?
True
Let k(v) = -v**3 - 3*v + 3251. Is k(0) prime?
True
Let s = 283 + -425. Let v = s + 211. Let h = 203 - v. Is h composite?
True
Suppose 4*t + 8 = -12, 2*v = -3*t - 15. Let y = 75 + -5. Suppose y = 2*h - v*h. Is h composite?
True
Suppose 4*r - 274 + 78 = 0. Is r composite?
True
Let o be (2 - 2) + -3 + 9. Suppose 3*g - 441 = -3*v, -o*v - 4 = -4*v. Is g a composite number?
False
Suppose 3*z = 5*v + 933, -1 + 7 = 2*v. Suppose 237 = 3*b + 3*x, -3*x + z = 4*b - x. Is b composite?
False
Suppose f + 33 = -5*n, -f + 5*n = -4*f - 49. Let x = f - -21. Is x prime?
True
Suppose -802 = 2*t - l, 0 = t + l + 44 + 351. Let v = t - -268. Let c = -40 - v. Is c prime?
False
Is 13825/7 + -7 + 1 a composite number?
True
Let v(p) = p**3 + 8*p**2 - 6*p + 11. Let y be 30/(-4) - 7/14. Is v(y) prime?
True
Suppose 3*q = -u - 14, 3*u + 9 = -2*q + 2*u. Let l = q + 7. Suppose 3*g + l*g = 110. Is g prime?
False
Suppose 0 = -3*n + 3, -1 = -2*o - n. Let t = o - 0. Is (-2)/6*(t - 39) composite?
False
Suppose 2*v = -3*u + 40 + 40, 5*v + u = 187. Suppose -3*h + h = 12. Let w = v + h. Is w prime?
True
Let r(v) = 4*v**2 - 52*v + 19. Is r(21) prime?
True
Suppose 944 + 220 = 3*m - q, -2*q = -4*m + 1550. Is m composite?
False
Is (-1016)/16*(-33)/(-3)*-2 prime?
False
Let f(d) = -260*d - 1. Is f(-1) a composite number?
True
Suppose -2*t = 5 + 5. Let q(v) = -53*v - 6. Is q(t) a composite number?
True
Let f(c) = -c**3 - 6*c**2 + 2*c + 11. Is f(-10) a composite number?
True
Suppose 3*n = 5*r + 1633, -2*n + 605 = -4*r - 485. Is n composite?
False
Suppose -13*s + 18884 = -3567. Is s a composite number?
True
Suppose -1 = -5*q + 29. Suppose 4*o - q = 86. Is o a composite number?
False
Suppose r = -2*l + 4, -l + 4 = -0*l. Let m = r + 6. Suppose m*u = 58 + 96. Is u a prime number?
False
Let g = -12 - -4. Let l be 125/2 + g/16. Suppose -3*u + l + 139 = 0. Is u prime?
True
Let o be (63/18)/(2/(-92)). Let p = 210 - o. Is p a composite number?
True
Let j(i) = 81*i + 4. Let l be j(-3). Let a = -154 - l. Is a composite?
True
Let m(a) = -21*a - 6. Let n be m(-8). Let d = n - 107. Is d composite?
True
Suppose -a + 4*w = -1007, -4*w = -3*a - w + 3066. Is a prime?
False
Is (-79424)/(-72) - (-1)/(-9) composite?
False
Let w be -9 - (0 + 2)/2. Let y be (4/w)/((-1)/(-5)). Is (-46)/(y*1 + 0) prime?
True
Let u(m) = -m + 15. Let n be u(11). Is (1648/40)/(n/10) composite?
False
Let m be 459/2 - (-5)/(-10). Suppose -196 - m = -5*z. Is z a prime number?
False
Let b = 1086 + -607. Is b a composite number?
False
Let p = -4 - -6. Suppose -z + p*z - 15 = 0. Is z prime?
False
Let z(v